{"id":14684,"date":"2024-11-21T20:14:12","date_gmt":"2024-11-21T20:14:12","guid":{"rendered":"https:\/\/www.make-it-in-munich.com\/faq\/wer-kann-an-make-it-in-munich-teilnehmen\/"},"modified":"2025-08-09T15:20:18","modified_gmt":"2025-08-09T15:20:18","slug":"wer-kann-an-make-it-in-munich-teilnehmen","status":"publish","type":"faq","link":"https:\/\/www.make-it-in-munich.com\/de\/faq\/wer-kann-an-make-it-in-munich-teilnehmen\/","title":{"rendered":"Wer kann bei Make it in Munich teilnehmen?"},"content":{"rendered":"<p>Unser Angebot richtet sich an Drittstaatsangeh\u00f6rige (aus Nicht-EU- und Nicht-EFTA-L\u00e4ndern), die mit bestimmten Visaarten wie Arbeitsvisum, Blaue Karte EU oder im Rahmen der Familienzusammenf\u00fchrung in M\u00fcnchen arbeiten und leben m\u00f6chten. Du kannst dich auch bewerben, wenn du in einem Mangelberuf arbeitest und motiviert bist, nach M\u00fcnchen zu kommen. <\/p>\n","protected":false},"featured_media":0,"template":"","meta":{"_acf_changed":false},"faq-kategorie":[78],"class_list":["post-14684","faq","type-faq","status-publish","hentry","faq-kategorie-allgemeine-fragen"],"acf":[],"yoast_head":"<!-- This site is optimized with the Yoast SEO plugin v27.4 - https:\/\/yoast.com\/product\/yoast-seo-wordpress\/ -->\n<title>Wer kann bei Make it in Munich teilnehmen? - Make it in Munich<\/title>\n<meta name=\"robots\" content=\"index, follow, max-snippet:-1, max-image-preview:large, max-video-preview:-1\" \/>\n<link rel=\"canonical\" href=\"https:\/\/www.make-it-in-munich.com\/de\/faq\/wer-kann-an-make-it-in-munich-teilnehmen\/\" \/>\n<meta property=\"og:locale\" content=\"de_DE\" \/>\n<meta property=\"og:type\" content=\"article\" \/>\n<meta property=\"og:title\" content=\"Wer kann bei Make it in Munich teilnehmen? - Make it in Munich\" \/>\n<meta property=\"og:description\" content=\"Unser Angebot richtet sich an Drittstaatsangeh\u00f6rige (aus Nicht-EU- und Nicht-EFTA-L\u00e4ndern), die mit bestimmten Visaarten wie Arbeitsvisum, Blaue Karte EU oder im Rahmen der Familienzusammenf\u00fchrung in M\u00fcnchen arbeiten und leben m\u00f6chten. Du kannst dich auch bewerben, wenn du in einem Mangelberuf arbeitest und motiviert bist, nach M\u00fcnchen zu kommen.\" \/>\n<meta property=\"og:url\" content=\"https:\/\/www.make-it-in-munich.com\/de\/faq\/wer-kann-an-make-it-in-munich-teilnehmen\/\" \/>\n<meta property=\"og:site_name\" content=\"Make it in Munich\" \/>\n<meta property=\"article:modified_time\" content=\"2025-08-09T15:20:18+00:00\" \/>\n<meta name=\"twitter:card\" content=\"summary_large_image\" \/>\n<script type=\"application\/ld+json\" class=\"yoast-schema-graph\">{\"@context\":\"https:\\\/\\\/schema.org\",\"@graph\":[{\"@type\":\"WebPage\",\"@id\":\"https:\\\/\\\/www.make-it-in-munich.com\\\/de\\\/faq\\\/wer-kann-an-make-it-in-munich-teilnehmen\\\/\",\"url\":\"https:\\\/\\\/www.make-it-in-munich.com\\\/de\\\/faq\\\/wer-kann-an-make-it-in-munich-teilnehmen\\\/\",\"name\":\"Wer kann bei Make it in Munich teilnehmen? - Make it in Munich\",\"isPartOf\":{\"@id\":\"https:\\\/\\\/www.make-it-in-munich.com\\\/de\\\/#website\"},\"datePublished\":\"2024-11-21T20:14:12+00:00\",\"dateModified\":\"2025-08-09T15:20:18+00:00\",\"breadcrumb\":{\"@id\":\"https:\\\/\\\/www.make-it-in-munich.com\\\/de\\\/faq\\\/wer-kann-an-make-it-in-munich-teilnehmen\\\/#breadcrumb\"},\"inLanguage\":\"de\",\"potentialAction\":[{\"@type\":\"ReadAction\",\"target\":[\"https:\\\/\\\/www.make-it-in-munich.com\\\/de\\\/faq\\\/wer-kann-an-make-it-in-munich-teilnehmen\\\/\"]}]},{\"@type\":\"BreadcrumbList\",\"@id\":\"https:\\\/\\\/www.make-it-in-munich.com\\\/de\\\/faq\\\/wer-kann-an-make-it-in-munich-teilnehmen\\\/#breadcrumb\",\"itemListElement\":[{\"@type\":\"ListItem\",\"position\":1,\"name\":\"Home\",\"item\":\"https:\\\/\\\/www.make-it-in-munich.com\\\/de\\\/\"},{\"@type\":\"ListItem\",\"position\":2,\"name\":\"Wer kann bei Make it in Munich teilnehmen?\"}]},{\"@type\":\"WebSite\",\"@id\":\"https:\\\/\\\/www.make-it-in-munich.com\\\/de\\\/#website\",\"url\":\"https:\\\/\\\/www.make-it-in-munich.com\\\/de\\\/\",\"name\":\"Make it in Munich\",\"description\":\"\",\"potentialAction\":[{\"@type\":\"SearchAction\",\"target\":{\"@type\":\"EntryPoint\",\"urlTemplate\":\"https:\\\/\\\/www.make-it-in-munich.com\\\/de\\\/?s={search_term_string}\"},\"query-input\":{\"@type\":\"PropertyValueSpecification\",\"valueRequired\":true,\"valueName\":\"search_term_string\"}}],\"inLanguage\":\"de\"}]}<\/script>\n<!-- \/ Yoast SEO plugin. -->","yoast_head_json":{"title":"Wer kann bei Make it in Munich teilnehmen? - Make it in Munich","robots":{"index":"index","follow":"follow","max-snippet":"max-snippet:-1","max-image-preview":"max-image-preview:large","max-video-preview":"max-video-preview:-1"},"canonical":"https:\/\/www.make-it-in-munich.com\/de\/faq\/wer-kann-an-make-it-in-munich-teilnehmen\/","og_locale":"de_DE","og_type":"article","og_title":"Wer kann bei Make it in Munich teilnehmen? - Make it in Munich","og_description":"Unser Angebot richtet sich an Drittstaatsangeh\u00f6rige (aus Nicht-EU- und Nicht-EFTA-L\u00e4ndern), die mit bestimmten Visaarten wie Arbeitsvisum, Blaue Karte EU oder im Rahmen der Familienzusammenf\u00fchrung in M\u00fcnchen arbeiten und leben m\u00f6chten. Du kannst dich auch bewerben, wenn du in einem Mangelberuf arbeitest und motiviert bist, nach M\u00fcnchen zu kommen.","og_url":"https:\/\/www.make-it-in-munich.com\/de\/faq\/wer-kann-an-make-it-in-munich-teilnehmen\/","og_site_name":"Make it in Munich","article_modified_time":"2025-08-09T15:20:18+00:00","twitter_card":"summary_large_image","schema":{"@context":"https:\/\/schema.org","@graph":[{"@type":"WebPage","@id":"https:\/\/www.make-it-in-munich.com\/de\/faq\/wer-kann-an-make-it-in-munich-teilnehmen\/","url":"https:\/\/www.make-it-in-munich.com\/de\/faq\/wer-kann-an-make-it-in-munich-teilnehmen\/","name":"Wer kann bei Make it in Munich teilnehmen? - Make it in Munich","isPartOf":{"@id":"https:\/\/www.make-it-in-munich.com\/de\/#website"},"datePublished":"2024-11-21T20:14:12+00:00","dateModified":"2025-08-09T15:20:18+00:00","breadcrumb":{"@id":"https:\/\/www.make-it-in-munich.com\/de\/faq\/wer-kann-an-make-it-in-munich-teilnehmen\/#breadcrumb"},"inLanguage":"de","potentialAction":[{"@type":"ReadAction","target":["https:\/\/www.make-it-in-munich.com\/de\/faq\/wer-kann-an-make-it-in-munich-teilnehmen\/"]}]},{"@type":"BreadcrumbList","@id":"https:\/\/www.make-it-in-munich.com\/de\/faq\/wer-kann-an-make-it-in-munich-teilnehmen\/#breadcrumb","itemListElement":[{"@type":"ListItem","position":1,"name":"Home","item":"https:\/\/www.make-it-in-munich.com\/de\/"},{"@type":"ListItem","position":2,"name":"Wer kann bei Make it in Munich teilnehmen?"}]},{"@type":"WebSite","@id":"https:\/\/www.make-it-in-munich.com\/de\/#website","url":"https:\/\/www.make-it-in-munich.com\/de\/","name":"Make it in Munich","description":"","potentialAction":[{"@type":"SearchAction","target":{"@type":"EntryPoint","urlTemplate":"https:\/\/www.make-it-in-munich.com\/de\/?s={search_term_string}"},"query-input":{"@type":"PropertyValueSpecification","valueRequired":true,"valueName":"search_term_string"}}],"inLanguage":"de"}]}},"_links":{"self":[{"href":"https:\/\/www.make-it-in-munich.com\/de\/wp-json\/wp\/v2\/faq\/14684","targetHints":{"allow":["GET"]}}],"collection":[{"href":"https:\/\/www.make-it-in-munich.com\/de\/wp-json\/wp\/v2\/faq"}],"about":[{"href":"https:\/\/www.make-it-in-munich.com\/de\/wp-json\/wp\/v2\/types\/faq"}],"wp:attachment":[{"href":"https:\/\/www.make-it-in-munich.com\/de\/wp-json\/wp\/v2\/media?parent=14684"}],"wp:term":[{"taxonomy":"faq-kategorie","embeddable":true,"href":"https:\/\/www.make-it-in-munich.com\/de\/wp-json\/wp\/v2\/faq-kategorie?post=14684"}],"curies":[{"name":"wp","href":"https:\/\/api.w.org\/{rel}","templated":true}]}}

<p>Unser Angebot richtet sich an Drittstaatsangehörige (aus Nicht-EU- und Nicht-EFTA-Ländern), die mit bestimmten Visaarten wie Arbeitsvisum, Blaue Karte EU oder im Rahmen der Familienzusammenführung in München arbeiten und leben möchten. Du kannst dich auch bewerben, wenn du in einem Mangelberuf arbeitest und motiviert bist, nach München zu kommen. </p>

<!-- This site is optimized with the Yoast SEO plugin v27.4 - https://yoast.com/product/yoast-seo-wordpress/ -->
<title>Wer kann bei Make it in Munich teilnehmen? - Make it in Munich</title>
<meta name="robots" content="index, follow, max-snippet:-1, max-image-preview:large, max-video-preview:-1" />
<link rel="canonical" href="https://www.make-it-in-munich.com/de/faq/wer-kann-an-make-it-in-munich-teilnehmen/" />
<meta property="og:locale" content="de_DE" />
<meta property="og:type" content="article" />
<meta property="og:title" content="Wer kann bei Make it in Munich teilnehmen? - Make it in Munich" />
<meta property="og:description" content="Unser Angebot richtet sich an Drittstaatsangehörige (aus Nicht-EU- und Nicht-EFTA-Ländern), die mit bestimmten Visaarten wie Arbeitsvisum, Blaue Karte EU oder im Rahmen der Familienzusammenführung in München arbeiten und leben möchten. Du kannst dich auch bewerben, wenn du in einem Mangelberuf arbeitest und motiviert bist, nach München zu kommen." />
<meta property="og:url" content="https://www.make-it-in-munich.com/de/faq/wer-kann-an-make-it-in-munich-teilnehmen/" />
<meta property="og:site_name" content="Make it in Munich" />
<meta property="article:modified_time" content="2025-08-09T15:20:18+00:00" />
<meta name="twitter:card" content="summary_large_image" />
<script type="application/ld+json" class="yoast-schema-graph">{"@context":"https:\/\/schema.org","@graph":[{"@type":"WebPage","@id":"https:\/\/www.make-it-in-munich.com\/de\/faq\/wer-kann-an-make-it-in-munich-teilnehmen\/","url":"https:\/\/www.make-it-in-munich.com\/de\/faq\/wer-kann-an-make-it-in-munich-teilnehmen\/","name":"Wer kann bei Make it in Munich teilnehmen? - Make it in Munich","isPartOf":{"@id":"https:\/\/www.make-it-in-munich.com\/de\/#website"},"datePublished":"2024-11-21T20:14:12+00:00","dateModified":"2025-08-09T15:20:18+00:00","breadcrumb":{"@id":"https:\/\/www.make-it-in-munich.com\/de\/faq\/wer-kann-an-make-it-in-munich-teilnehmen\/#breadcrumb"},"inLanguage":"de","potentialAction":[{"@type":"ReadAction","target":["https:\/\/www.make-it-in-munich.com\/de\/faq\/wer-kann-an-make-it-in-munich-teilnehmen\/"]}]},{"@type":"BreadcrumbList","@id":"https:\/\/www.make-it-in-munich.com\/de\/faq\/wer-kann-an-make-it-in-munich-teilnehmen\/#breadcrumb","itemListElement":[{"@type":"ListItem","position":1,"name":"Home","item":"https:\/\/www.make-it-in-munich.com\/de\/"},{"@type":"ListItem","position":2,"name":"Wer kann bei Make it in Munich teilnehmen?"}]},{"@type":"WebSite","@id":"https:\/\/www.make-it-in-munich.com\/de\/#website","url":"https:\/\/www.make-it-in-munich.com\/de\/","name":"Make it in Munich","description":"","potentialAction":[{"@type":"SearchAction","target":{"@type":"EntryPoint","urlTemplate":"https:\/\/www.make-it-in-munich.com\/de\/?s={search_term_string}"},"query-input":{"@type":"PropertyValueSpecification","valueRequired":true,"valueName":"search_term_string"}}],"inLanguage":"de"}]}</script>
<!-- / Yoast SEO plugin. -->

Unser Angebot richtet sich an Drittstaatsangehörige (aus Nicht-EU- und Nicht-EFTA-Ländern), die mit bestimmten Visaarten wie Arbeitsvisum, Blaue Karte EU oder im Rahmen der Familienzusammenführung in München arbeiten und leben möchten. Du kannst dich auch bewerben, wenn du in einem Mangelberuf arbeitest und motiviert bist, nach München zu kommen.
