{"id":14681,"date":"2024-11-21T20:14:12","date_gmt":"2024-11-21T20:14:12","guid":{"rendered":"https:\/\/www.make-it-in-munich.com\/faq\/wer-kann-nicht-teilnehmen\/"},"modified":"2025-08-09T15:23:34","modified_gmt":"2025-08-09T15:23:34","slug":"wer-kann-nicht-teilnehmen","status":"publish","type":"faq","link":"https:\/\/www.make-it-in-munich.com\/de\/faq\/wer-kann-nicht-teilnehmen\/","title":{"rendered":"Wer kann NICHT teilnehmen?"},"content":{"rendered":"<p>Wenn du mit einem Studenten- oder Touristenvisum nach M\u00fcnchen kommst, bist du f\u00fcr unsere Programme nicht zugelassen. Auch Teilnehmer:innen, die bereits in Deutschland leben, k\u00f6nnen sich nicht bewerben. Drittstaatsangeh\u00f6rige, die bereits in EU- oder EFTA-L\u00e4ndern (Schweiz, Island, Norwegen und Liechtenstein) leben, k\u00f6nnen sich jedoch weiterhin f\u00fcr die Angebote bewerben \u2013 wenn sie planen, nach M\u00fcnchen zu kommen.  <\/p>\n","protected":false},"featured_media":0,"template":"","meta":{"_acf_changed":false},"faq-kategorie":[78],"class_list":["post-14681","faq","type-faq","status-publish","hentry","faq-kategorie-allgemeine-fragen"],"acf":[],"yoast_head":"<!-- This site is optimized with the Yoast SEO plugin v27.4 - https:\/\/yoast.com\/product\/yoast-seo-wordpress\/ -->\n<title>Wer kann NICHT teilnehmen? - Make it in Munich<\/title>\n<meta name=\"robots\" content=\"index, follow, max-snippet:-1, max-image-preview:large, max-video-preview:-1\" \/>\n<link rel=\"canonical\" href=\"https:\/\/www.make-it-in-munich.com\/de\/faq\/wer-kann-nicht-teilnehmen\/\" \/>\n<meta property=\"og:locale\" content=\"de_DE\" \/>\n<meta property=\"og:type\" content=\"article\" \/>\n<meta property=\"og:title\" content=\"Wer kann NICHT teilnehmen? - Make it in Munich\" \/>\n<meta property=\"og:description\" content=\"Wenn du mit einem Studenten- oder Touristenvisum nach M\u00fcnchen kommst, bist du f\u00fcr unsere Programme nicht zugelassen. Auch Teilnehmer:innen, die bereits in Deutschland leben, k\u00f6nnen sich nicht bewerben. Drittstaatsangeh\u00f6rige, die bereits in EU- oder EFTA-L\u00e4ndern (Schweiz, Island, Norwegen und Liechtenstein) leben, k\u00f6nnen sich jedoch weiterhin f\u00fcr die Angebote bewerben \u2013 wenn sie planen, nach M\u00fcnchen&hellip; Continue Reading Wer kann NICHT teilnehmen?\" \/>\n<meta property=\"og:url\" content=\"https:\/\/www.make-it-in-munich.com\/de\/faq\/wer-kann-nicht-teilnehmen\/\" \/>\n<meta property=\"og:site_name\" content=\"Make it in Munich\" \/>\n<meta property=\"article:modified_time\" content=\"2025-08-09T15:23:34+00:00\" \/>\n<meta name=\"twitter:card\" content=\"summary_large_image\" \/>\n<script type=\"application\/ld+json\" class=\"yoast-schema-graph\">{\"@context\":\"https:\\\/\\\/schema.org\",\"@graph\":[{\"@type\":\"WebPage\",\"@id\":\"https:\\\/\\\/www.make-it-in-munich.com\\\/de\\\/faq\\\/wer-kann-nicht-teilnehmen\\\/\",\"url\":\"https:\\\/\\\/www.make-it-in-munich.com\\\/de\\\/faq\\\/wer-kann-nicht-teilnehmen\\\/\",\"name\":\"Wer kann NICHT teilnehmen? - Make it in Munich\",\"isPartOf\":{\"@id\":\"https:\\\/\\\/www.make-it-in-munich.com\\\/de\\\/#website\"},\"datePublished\":\"2024-11-21T20:14:12+00:00\",\"dateModified\":\"2025-08-09T15:23:34+00:00\",\"breadcrumb\":{\"@id\":\"https:\\\/\\\/www.make-it-in-munich.com\\\/de\\\/faq\\\/wer-kann-nicht-teilnehmen\\\/#breadcrumb\"},\"inLanguage\":\"de\",\"potentialAction\":[{\"@type\":\"ReadAction\",\"target\":[\"https:\\\/\\\/www.make-it-in-munich.com\\\/de\\\/faq\\\/wer-kann-nicht-teilnehmen\\\/\"]}]},{\"@type\":\"BreadcrumbList\",\"@id\":\"https:\\\/\\\/www.make-it-in-munich.com\\\/de\\\/faq\\\/wer-kann-nicht-teilnehmen\\\/#breadcrumb\",\"itemListElement\":[{\"@type\":\"ListItem\",\"position\":1,\"name\":\"Home\",\"item\":\"https:\\\/\\\/www.make-it-in-munich.com\\\/de\\\/\"},{\"@type\":\"ListItem\",\"position\":2,\"name\":\"Wer kann NICHT teilnehmen?\"}]},{\"@type\":\"WebSite\",\"@id\":\"https:\\\/\\\/www.make-it-in-munich.com\\\/de\\\/#website\",\"url\":\"https:\\\/\\\/www.make-it-in-munich.com\\\/de\\\/\",\"name\":\"Make it in Munich\",\"description\":\"\",\"potentialAction\":[{\"@type\":\"SearchAction\",\"target\":{\"@type\":\"EntryPoint\",\"urlTemplate\":\"https:\\\/\\\/www.make-it-in-munich.com\\\/de\\\/?s={search_term_string}\"},\"query-input\":{\"@type\":\"PropertyValueSpecification\",\"valueRequired\":true,\"valueName\":\"search_term_string\"}}],\"inLanguage\":\"de\"}]}<\/script>\n<!-- \/ Yoast SEO plugin. -->","yoast_head_json":{"title":"Wer kann NICHT teilnehmen? - Make it in Munich","robots":{"index":"index","follow":"follow","max-snippet":"max-snippet:-1","max-image-preview":"max-image-preview:large","max-video-preview":"max-video-preview:-1"},"canonical":"https:\/\/www.make-it-in-munich.com\/de\/faq\/wer-kann-nicht-teilnehmen\/","og_locale":"de_DE","og_type":"article","og_title":"Wer kann NICHT teilnehmen? - Make it in Munich","og_description":"Wenn du mit einem Studenten- oder Touristenvisum nach M\u00fcnchen kommst, bist du f\u00fcr unsere Programme nicht zugelassen. Auch Teilnehmer:innen, die bereits in Deutschland leben, k\u00f6nnen sich nicht bewerben. Drittstaatsangeh\u00f6rige, die bereits in EU- oder EFTA-L\u00e4ndern (Schweiz, Island, Norwegen und Liechtenstein) leben, k\u00f6nnen sich jedoch weiterhin f\u00fcr die Angebote bewerben \u2013 wenn sie planen, nach M\u00fcnchen&hellip; Continue Reading Wer kann NICHT teilnehmen?","og_url":"https:\/\/www.make-it-in-munich.com\/de\/faq\/wer-kann-nicht-teilnehmen\/","og_site_name":"Make it in Munich","article_modified_time":"2025-08-09T15:23:34+00:00","twitter_card":"summary_large_image","schema":{"@context":"https:\/\/schema.org","@graph":[{"@type":"WebPage","@id":"https:\/\/www.make-it-in-munich.com\/de\/faq\/wer-kann-nicht-teilnehmen\/","url":"https:\/\/www.make-it-in-munich.com\/de\/faq\/wer-kann-nicht-teilnehmen\/","name":"Wer kann NICHT teilnehmen? - Make it in Munich","isPartOf":{"@id":"https:\/\/www.make-it-in-munich.com\/de\/#website"},"datePublished":"2024-11-21T20:14:12+00:00","dateModified":"2025-08-09T15:23:34+00:00","breadcrumb":{"@id":"https:\/\/www.make-it-in-munich.com\/de\/faq\/wer-kann-nicht-teilnehmen\/#breadcrumb"},"inLanguage":"de","potentialAction":[{"@type":"ReadAction","target":["https:\/\/www.make-it-in-munich.com\/de\/faq\/wer-kann-nicht-teilnehmen\/"]}]},{"@type":"BreadcrumbList","@id":"https:\/\/www.make-it-in-munich.com\/de\/faq\/wer-kann-nicht-teilnehmen\/#breadcrumb","itemListElement":[{"@type":"ListItem","position":1,"name":"Home","item":"https:\/\/www.make-it-in-munich.com\/de\/"},{"@type":"ListItem","position":2,"name":"Wer kann NICHT teilnehmen?"}]},{"@type":"WebSite","@id":"https:\/\/www.make-it-in-munich.com\/de\/#website","url":"https:\/\/www.make-it-in-munich.com\/de\/","name":"Make it in Munich","description":"","potentialAction":[{"@type":"SearchAction","target":{"@type":"EntryPoint","urlTemplate":"https:\/\/www.make-it-in-munich.com\/de\/?s={search_term_string}"},"query-input":{"@type":"PropertyValueSpecification","valueRequired":true,"valueName":"search_term_string"}}],"inLanguage":"de"}]}},"_links":{"self":[{"href":"https:\/\/www.make-it-in-munich.com\/de\/wp-json\/wp\/v2\/faq\/14681","targetHints":{"allow":["GET"]}}],"collection":[{"href":"https:\/\/www.make-it-in-munich.com\/de\/wp-json\/wp\/v2\/faq"}],"about":[{"href":"https:\/\/www.make-it-in-munich.com\/de\/wp-json\/wp\/v2\/types\/faq"}],"wp:attachment":[{"href":"https:\/\/www.make-it-in-munich.com\/de\/wp-json\/wp\/v2\/media?parent=14681"}],"wp:term":[{"taxonomy":"faq-kategorie","embeddable":true,"href":"https:\/\/www.make-it-in-munich.com\/de\/wp-json\/wp\/v2\/faq-kategorie?post=14681"}],"curies":[{"name":"wp","href":"https:\/\/api.w.org\/{rel}","templated":true}]}}

<p>Wenn du mit einem Studenten- oder Touristenvisum nach München kommst, bist du für unsere Programme nicht zugelassen. Auch Teilnehmer:innen, die bereits in Deutschland leben, können sich nicht bewerben. Drittstaatsangehörige, die bereits in EU- oder EFTA-Ländern (Schweiz, Island, Norwegen und Liechtenstein) leben, können sich jedoch weiterhin für die Angebote bewerben – wenn sie planen, nach München zu kommen.  </p>

<!-- This site is optimized with the Yoast SEO plugin v27.4 - https://yoast.com/product/yoast-seo-wordpress/ -->
<title>Wer kann NICHT teilnehmen? - Make it in Munich</title>
<meta name="robots" content="index, follow, max-snippet:-1, max-image-preview:large, max-video-preview:-1" />
<link rel="canonical" href="https://www.make-it-in-munich.com/de/faq/wer-kann-nicht-teilnehmen/" />
<meta property="og:locale" content="de_DE" />
<meta property="og:type" content="article" />
<meta property="og:title" content="Wer kann NICHT teilnehmen? - Make it in Munich" />
<meta property="og:description" content="Wenn du mit einem Studenten- oder Touristenvisum nach München kommst, bist du für unsere Programme nicht zugelassen. Auch Teilnehmer:innen, die bereits in Deutschland leben, können sich nicht bewerben. Drittstaatsangehörige, die bereits in EU- oder EFTA-Ländern (Schweiz, Island, Norwegen und Liechtenstein) leben, können sich jedoch weiterhin für die Angebote bewerben – wenn sie planen, nach München&hellip; Continue Reading Wer kann NICHT teilnehmen?" />
<meta property="og:url" content="https://www.make-it-in-munich.com/de/faq/wer-kann-nicht-teilnehmen/" />
<meta property="og:site_name" content="Make it in Munich" />
<meta property="article:modified_time" content="2025-08-09T15:23:34+00:00" />
<meta name="twitter:card" content="summary_large_image" />
<script type="application/ld+json" class="yoast-schema-graph">{"@context":"https:\/\/schema.org","@graph":[{"@type":"WebPage","@id":"https:\/\/www.make-it-in-munich.com\/de\/faq\/wer-kann-nicht-teilnehmen\/","url":"https:\/\/www.make-it-in-munich.com\/de\/faq\/wer-kann-nicht-teilnehmen\/","name":"Wer kann NICHT teilnehmen? - Make it in Munich","isPartOf":{"@id":"https:\/\/www.make-it-in-munich.com\/de\/#website"},"datePublished":"2024-11-21T20:14:12+00:00","dateModified":"2025-08-09T15:23:34+00:00","breadcrumb":{"@id":"https:\/\/www.make-it-in-munich.com\/de\/faq\/wer-kann-nicht-teilnehmen\/#breadcrumb"},"inLanguage":"de","potentialAction":[{"@type":"ReadAction","target":["https:\/\/www.make-it-in-munich.com\/de\/faq\/wer-kann-nicht-teilnehmen\/"]}]},{"@type":"BreadcrumbList","@id":"https:\/\/www.make-it-in-munich.com\/de\/faq\/wer-kann-nicht-teilnehmen\/#breadcrumb","itemListElement":[{"@type":"ListItem","position":1,"name":"Home","item":"https:\/\/www.make-it-in-munich.com\/de\/"},{"@type":"ListItem","position":2,"name":"Wer kann NICHT teilnehmen?"}]},{"@type":"WebSite","@id":"https:\/\/www.make-it-in-munich.com\/de\/#website","url":"https:\/\/www.make-it-in-munich.com\/de\/","name":"Make it in Munich","description":"","potentialAction":[{"@type":"SearchAction","target":{"@type":"EntryPoint","urlTemplate":"https:\/\/www.make-it-in-munich.com\/de\/?s={search_term_string}"},"query-input":{"@type":"PropertyValueSpecification","valueRequired":true,"valueName":"search_term_string"}}],"inLanguage":"de"}]}</script>
<!-- / Yoast SEO plugin. -->

Wenn du mit einem Studenten- oder Touristenvisum nach München kommst, bist du für unsere Programme nicht zugelassen. Auch Teilnehmer:innen, die bereits in Deutschland leben, können sich nicht bewerben. Drittstaatsangehörige, die bereits in EU- oder EFTA-Ländern (Schweiz, Island, Norwegen und Liechtenstein) leben, können sich jedoch weiterhin für die Angebote bewerben – wenn sie planen, nach München&hellip; Continue Reading Wer kann NICHT teilnehmen?
